s of 1397?
11, 127
What are the prime factors of 537?
3, 179
List the prime factors of 69735.
3, 5, 4649
List the prime factors of 6172.
2, 1543
List the prime factors of 10458.
2, 3, 7, 83
What are the prime factors of 703?
19, 37
List the prime factors of 81865.
5, 7, 2339
List the prime factors of 630.
2, 3, 5, 7
List the prime factors of 91433.
91433
What are the prime factors of 3991?
13, 307
List the prime factors of 106212.
2, 3, 53, 167
List the prime factors of 70.
2, 5, 7
List the prime factors of 125828.
2, 83, 379
List the prime factors of 661.
661
What are the prime factors of 25924?
2, 6481
List the prime factors of 5555.
5, 11, 101
List the prime factors of 431.
431
What are the prime factors of 6136?
2, 13, 59
What are the prime factors of 918?
2, 3, 17
List the prime factors of 2389.
2389
List the prime factors of 106550.
2, 5, 2131
List the prime factors of 1088.
2, 17
What are the prime factors of 633?
3, 211
List the prime factors of 12826.
2, 11, 53
List the prime factors of 3970.
2, 5, 397
What are the prime factors of 5747?
7, 821
What are the prime factors of 24257?
127, 191
List the prime factors of 28126.
2, 7, 41
What are the prime factors of 9720?
2, 3, 5
What are the prime factors of 441?
3, 7
What are the prime factors of 33964?
2, 7, 1213
List the prime factors of 23615.
5, 4723
What are the prime factors of 3657?
3, 23, 53
What are the prime factors of 2663?
2663
What are the prime factors of 33797?
33797
What are the prime factors of 1391?
13, 107
What are the prime factors of 1381?
1381
List the prime factors of 16977.
3, 5659
List the prime factors of 25715.
5, 37, 139
What are the prime factors of 1589?
7, 227
List the prime factors of 349.
349
What are the prime factors of 18911?
18911
List the prime factors of 70126.
2, 7, 5009
List the prime factors of 11053.
7, 1579
What are the prime factors of 8021?
13, 617
What are the prime factors of 74330?
2, 5, 7433
What are the prime factors of 11261?
11261
What are the prime factors of 4268?
2, 11, 97
List the prime factors of 2519.
11, 229
What are the prime factors of 4777?
17, 281
What are the prime factors of 32683?
7, 23, 29
List the prime factors of 111.
3, 37
What are the prime factors of 18654?
2, 3, 3109
List the prime factors of 9801.
3, 11
What are the prime factors of 56127?
3, 53, 353
What are the prime factors of 160022?
2, 29, 31, 89
List the prime factors of 11368.
2, 7, 29
What are the prime factors of 1163?
1163
What are the prime factors of 5389?
17, 317
What are the prime factors of 14920?
2, 5, 373
What are the prime factors of 5289?
3, 41, 43
List the prime factors of 1610.
2, 5, 7, 23
What are the prime factors of 2793?
3, 7, 19
List the prime factors of 88.
2, 11
List the prime factors of 21525.
3, 5, 7, 41
List the prime factors of 34474.
2, 11, 1567
What are the prime factors of 24606?
2, 3, 1367
What are the prime factors of 2819?
2819
What are the prime factors of 1073?
29, 37
What are the prime factors of 184?
2, 23
List the prime factors of 3715.
5, 743
List the prime factors of 628.
2, 157
List the prime factors of 7666.
2, 3833
List the prime factors of 501.
3, 167
What are the prime factors of 2286?
2, 3, 127
List the prime factors of 6014.
2, 31, 97
List the prime factors of 40040.
2, 5, 7, 11, 13
What are the prime factors of 368?
2, 23
List the prime factors of 40081.
149, 269
What are the prime factors of 3570?
2, 3, 5, 7, 17
What are the prime factors of 1863?
3, 23
What are the prime factors of 37841?
79, 479
What are the prime factors of 9371?
9371
List the prime factors of 444.
2, 3, 37
List the prime factors of 1408.
2, 11
List the prime factors of 65484.
2, 3, 17, 107
What are the prime factors of 10747?
11, 977
What are the prime factors of 10397?
37, 281
List the prime factors of 379.
379
List the prime factors of 40921.
151, 271
What are the prime factors of 13937?
7, 11, 181
What are the prime factors of 2095?
5, 419
What are the prime factors of 4260?
2, 3, 5, 71
List the prime factors of 62895.
3, 5, 7, 599
What are the prime factors of 3514?
2, 7, 251
List the prime factors of 4140.
2, 3, 5, 23
List the prime factors of 33.
3, 11
What are the prime factors of 5307?
3, 29, 61
What are the prime factors of 11973?
3, 13, 307
What are the prime factors of 23801?
23801
List the prime factors of 939.
3, 313
What are the prime factors of 5578?
2, 2789
List the prime factors of 2068.
2, 11, 47
What are the prime factors of 36135?
3, 5, 11, 73
List the prime factors of 10869.
3, 3623
What are the prime factors of 7269?
3, 2423
List the prime factors of 69461.
7, 9923
What are the prime factors of 4559?
47, 97
What are the prime factors of 757?
757
List the prime factors of 398.
2, 199
What are the prime factors of 37846?
2, 127, 149
List the prime factors of 996.
2, 3, 83
List the prime factors of 3644.
2, 911
What are the prime factors of 3608?
2, 11, 41
List the prime factors of 7920.
2, 3, 5, 11
What are the prime factors of 234?
2, 3, 13
List the prime factors of 431.
431
List the prime factors of 2788.
2, 17, 41
What are the prime factors of 3817?
11, 347
List the prime factors of 30384.
2, 3, 211
List the prime factors of 1089.
3, 11
List the prime factors of 9743.
9743
List the prime factors of 508.
2, 127
List the prime factors of 909.
3, 101
What are the prime factors of 7684?
2, 17, 113
What are the prime factors of 693?
3, 7, 11
What are the prime factors of 11211?
3, 37, 101
List the prime factors of 5266.
2, 2633
What are the prime factors of 82?
2, 41
What are the prime factors of 147?
3, 7
What are the prime factors of 110555?
5, 22111
List the prime factors of 4126.
2, 2063
List the prime factors of 12803.
7, 31, 59
List the prime factors of 37.
37
What are the prime factors of 3476?
2, 11, 79
List the prime factors of 42884.
2, 71, 151
List the prime factors of 2196.
2, 3, 61
List the prime factors of 65224.
2, 31, 263
What are the prime factors of 2140?
2, 5, 107
List the prime factors of 4640.
2, 5, 29
List the prime factors of 190008.
2, 3, 7, 13, 29
What are the prime factors of 4433?
11, 13, 31
What are the prime factors of 62071?
62071
List the prime factors of 33408.
2, 3, 29
What are the prime factors of 32445?
3, 5, 7, 103
List the prime factors of 5429.
61, 89
What are the prime factors of 9524?
2, 2381
List the prime factors of 11391.
3, 3797
List the prime factors of 1381.
1381
What are the prime factors of 7335?
3, 5, 163
List the prime factors of 14623.
7, 2089
What are the prime factors of 224?
2, 7
List the prime factors of 817.
19, 43
List the prime factors of 733.
733
List the prime factors of 2197.
13
List the prime factors of 48526.
2, 19, 1277
List the prime factors of 16577.
11, 137
What are the prime factors of 4683?
3, 7, 223
What are the prime factors of 1127?
7, 23
What are the prime factors of 9416?
2, 11, 107
What are the prime factors of 132842?
2, 127, 523
List the prime factors of 2253.
3, 751
List the prime factors of 1036.
2, 7, 37
List the prime factors of 12110.
2, 5, 7, 173
List the prime factors of 1675.
5, 67
What are the prime factors of 4863?
3, 1621
What are the prime factors of 5283?
3, 587
What are the prime factors of 74609?
74609
List the prime factors of 4593.
3, 1531
List the prime factors of 22184.
2, 47, 59
List the prime factors of 7533.
3, 31
What are the prime factors of 1424?
2, 89
What are the prime factors of 255?
3, 5, 17
List the prime factors of 23278.
2, 103, 113
List the prime factors of 7840.
2, 5, 7
What are the prime factors of 6703?
6703
List the prime factors of 5740.
2, 5, 7, 41
What are the prime factors of 6419?
7, 131
What are the prime factors of 1297?
1297
What are the prime factors of 1152?
2, 3
What are the prime factors of 9448?
2, 1181
What are the prime factors of 39672?
2, 3, 19, 29
What are the prime factors of 12083?
43, 281
What are the prime factors of 2405?
5, 13, 37
List the prime factors of 34590.
2, 3, 5, 1153
What are the prime factors of 19660?
2, 5, 983
List the prime factors of 3086.
2, 1543
What are the prime factors of 534?
2, 3, 89
List the prime factors of 1454.
2, 727
List the prime factors of 191.
191
What are the prime factors of 1360?
2, 5, 17
List the prime factors of 7202.
2, 13, 277
List the prime fact